3, 13, 1931
What are the prime factors of 3940?
2, 5, 197
List the prime factors of 32.
2
What are the prime factors of 12069?
3, 149
List the prime factors of 3809.
13, 293
List the prime factors of 6921.
3, 769
List the prime factors of 1245.
3, 5, 83
What are the prime factors of 5683?
5683
What are the prime factors of 97355?
5, 19471
What are the prime factors of 22775?
5, 911
List the prime factors of 153837.
3, 17093
What are the prime factors of 20286?
2, 3, 7, 23
List the prime factors of 31009.
11, 2819
List the prime factors of 55353.
3, 18451
What are the prime factors of 7363?
37, 199
List the prime factors of 14241.
3, 47, 101
List the prime factors of 114469.
113, 1013
What are the prime factors of 19551?
3, 7, 19
What are the prime factors of 1191?
3, 397
List the prime factors of 26143.
13, 2011
What are the prime factors of 3193?
31, 103
List the prime factors of 1051.
1051
List the prime factors of 1154.
2, 577
List the prime factors of 63778.
2, 11, 13, 223
What are the prime factors of 1540?
2, 5, 7, 11
List the prime factors of 7586.
2, 3793
What are the prime factors of 46852?
2, 13, 17, 53
List the prime factors of 67147.
83, 809
List the prime factors of 72737.
7, 10391
List the prime factors of 2595.
3, 5, 173
What are the prime factors of 342?
2, 3, 19
List the prime factors of 48371.
48371
List the prime factors of 7974.
2, 3, 443
List the prime factors of 1732.
2, 433
What are the prime factors of 14098?
2, 7, 19, 53
What are the prime factors of 1501?
19, 79
List the prime factors of 161.
7, 23
What are the prime factors of 9369?
3, 347
What are the prime factors of 2119?
13, 163
What are the prime factors of 118855?
5, 11, 2161
What are the prime factors of 128196?
2, 3, 1187
What are the prime factors of 14752?
2, 461
List the prime factors of 1028.
2, 257
List the prime factors of 7830.
2, 3, 5, 29
What are the prime factors of 507?
3, 13
What are the prime factors of 5048?
2, 631
List the prime factors of 555.
3, 5, 37
What are the prime factors of 5067?
3, 563
What are the prime factors of 28337?
43, 659
What are the prime factors of 5513?
37, 149
List the prime factors of 107371.
11, 43, 227
List the prime factors of 5369.
7, 13, 59
List the prime factors of 24.
2, 3
List the prime factors of 44139.
3, 14713
What are the prime factors of 15748?
2, 31, 127
List the prime factors of 4392.
2, 3, 61
What are the prime factors of 823?
823
List the prime factors of 11340.
2, 3, 5, 7
What are the prime factors of 4988?
2, 29, 43
What are the prime factors of 6444?
2, 3, 179
List the prime factors of 134432.
2, 4201
List the prime factors of 1674.
2, 3, 31
What are the prime factors of 4087?
61, 67
What are the prime factors of 4962?
2, 3, 827
What are the prime factors of 5524?
2, 1381
What are the prime factors of 31813?
29, 1097
List the prime factors of 1580.
2, 5, 79
List the prime factors of 783.
3, 29
List the prime factors of 2450.
2, 5, 7
List the prime factors of 69650.
2, 5, 7, 199
List the prime factors of 2557.
2557
List the prime factors of 22136.
2, 2767
List the prime factors of 19317.
3, 47, 137
List the prime factors of 541.
541
What are the prime factors of 1149?
3, 383
List the prime factors of 10986.
2, 3, 1831
What are the prime factors of 52459?
11, 19, 251
What are the prime factors of 6312?
2, 3, 263
List the prime factors of 421.
421
List the prime factors of 554.
2, 277
List the prime factors of 918.
2, 3, 17
What are the prime factors of 2392?
2, 13, 23
What are the prime factors of 46710?
2, 3, 5, 173
List the prime factors of 2002.
2, 7, 11, 13
What are the prime factors of 4070?
2, 5, 11, 37
What are the prime factors of 901?
17, 53
What are the prime factors of 17089?
23, 743
List the prime factors of 1361.
1361
List the prime factors of 10068.
2, 3, 839
What are the prime factors of 14408?
2, 1801
List the prime factors of 3855.
3, 5, 257
List the prime factors of 95322.
2, 3, 15887
List the prime factors of 75891.
3, 41, 617
What are the prime factors of 22528?
2, 11
List the prime factors of 1761.
3, 587
List the prime factors of 545.
5, 109
What are the prime factors of 956?
2, 239
What are the prime factors of 3?
3
What are the prime factors of 7658?
2, 7, 547
What are the prime factors of 679?
7, 97
List the prime factors of 18111.
3, 6037
What are the prime factors of 43?
43
What are the prime factors of 890?
2, 5, 89
What are the prime factors of 4473?
3, 7, 71
What are the prime factors of 1123?
1123
List the prime factors of 17263.
61, 283
What are the prime factors of 4111?
4111
What are the prime factors of 6245?
5, 1249
List the prime factors of 105.
3, 5, 7
What are the prime factors of 25534?
2, 17, 751
List the prime factors of 444.
2, 3, 37
What are the prime factors of 5536?
2, 173
What are the prime factors of 9599?
29, 331
What are the prime factors of 6971?
6971
What are the prime factors of 89321?
179, 499
What are the prime factors of 2023?
7, 17
List the prime factors of 691.
691
List the prime factors of 144993.
3, 17, 2843
List the prime factors of 45611.
17, 2683
List the prime factors of 23051.
7, 37, 89
List the prime factors of 1197.
3, 7, 19
What are the prime factors of 31327?
31327
What are the prime factors of 15484?
2, 7, 79
What are the prime factors of 8741?
8741
What are the prime factors of 1416?
2, 3, 59
List the prime factors of 221.
13, 17
What are the prime factors of 77776?
2, 4861
What are the prime factors of 2990?
2, 5, 13, 23
List the prime factors of 531.
3, 59
What are the prime factors of 165?
3, 5, 11
List the prime factors of 922.
2, 461
List the prime factors of 43738.
2, 19, 1151
What are the prime factors of 16053?
3, 5351
List the prime factors of 384.
2, 3
What are the prime factors of 11001?
3, 19, 193
List the prime factors of 2777.
2777
List the prime factors of 74309.
19, 3911
List the prime factors of 23308.
2, 5827
What are the prime factors of 73830?
2, 3, 5, 23, 107
What are the prime factors of 2883?
3, 31
What are the prime factors of 2069?
2069
List the prime factors of 1469.
13, 113
List the prime factors of 7646.
2, 3823
List the prime factors of 9992.
2, 1249
What are the prime factors of 4294?
2, 19, 113
List the prime factors of 50924.
2, 29, 439
What are the prime factors of 33200?
2, 5, 83
What are the prime factors of 1418?
2, 709
List the prime factors of 1663.
1663
List the prime factors of 1496.
2, 11, 17
What are the prime factors of 1456?
2, 7, 13
List the prime factors of 478.
2, 239
List the prime factors of 13438.
2, 6719
What are the prime factors of 1376?
2, 43
List the prime factors of 71650.
2, 5, 1433
List the prime factors of 8909.
59, 151
What are the prime factors of 607?
607
List the prime factors of 1514.
2, 757
List the prime factors of 1207.
17, 71
What are the prime factors of 200?
2, 5
What are the prime factors of 6723?
3, 83
List the prime factors of 24148.
2, 6037
What are the prime factors of 343?
7
List the prime factors of 75437.
75437
List the prime factors of 1989.
3, 13, 17
List the prime factors of 21475.
5, 859
List the prime factors of 14788.
2, 3697
What are the prime factors of 2506?
2, 7, 179
List the prime factors of 741.
3, 13, 19
What are the prime factors of 526?
2, 263
What are the prime factors of 131432?
2, 7, 2347
What are the prime factors of 55617?
3, 18539
What are the prime factors of 1023?
3, 11, 31
List the prime factors of 109.
109
What are the prime factors of 7177?
7177
What are the prime factors of 6256?
2, 17, 23
List the prime factors of 4694.
2, 2347
List the prime factors of 559.
13, 43
List the prime factors of 810.
2, 3, 5
What are the prime factors of 6141?
3, 23, 89
List the prime factors of 6343.
6343
List the prime factors of 5380.
2, 5, 269
What are the prime factors of 236?
2, 59
List the prime factors of 2918.
2, 1459
List the prime factors of 43857.
3, 11, 443
What are the prime factors of 34123?
34123
What are the prime factors of 21519?
3, 797
List the prime factors of 104524.
2, 7, 3733
What are the prime factors of 20103?
3, 6701
List the prime factors of 1480.
2, 5, 37
List the prime factors of 3110.
2, 5, 311
List the prime factors of 88240.
2, 5, 1103
List the prime factors of 481.
13, 37
What are the prime factors of 847?
7, 11
